{"id":795,"date":"2015-06-25T13:11:34","date_gmt":"2015-06-25T13:11:34","guid":{"rendered":"http:\/\/cepenha.net.br\/?page_id=795"},"modified":"2024-01-16T18:37:02","modified_gmt":"2024-01-16T18:37:02","slug":"quiosque-do-tenis","status":"publish","type":"page","link":"https:\/\/cepenha.com.br\/index.php\/quiosque-do-tenis\/","title":{"rendered":"Quiosque do T\u00eanis"},"content":{"rendered":"<div class=\"three_fourth tt-column\"><\/div><div class=\"one_fourth_last tt-column\"><p><span style=\"font-size: x-large;\">Quiosque do T\u00eanis<\/span><br \/>\nUm espa\u00e7o moderno equipado com forno para pizza e p\u00e3es, churrasqueira, pia e mesas, ideal para pequenas festas e confraterniza\u00e7\u00f5es, com capacidade para 50 pessoas.<\/p>\n<\/div><br class=\"clear\" \/><p><img decoding=\"async\" class=\" aligncenter\" src=\"\/imagens\/quiosques_atualizado.jpg\" alt=\"\" \/><\/p>\n","protected":false},"excerpt":{"rendered":"<p><\/p>\n","protected":false},"author":1,"featured_media":0,"parent":0,"menu_order":0,"comment_status":"open","ping_status":"open","template":"template-full-width.php","meta":{"footnotes":""},"class_list":["post-795","page","type-page","status-publish","hentry"],"_links":{"self":[{"href":"https:\/\/cepenha.com.br\/index.php\/wp-json\/wp\/v2\/pages\/795","targetHints":{"allow":["GET"]}}],"collection":[{"href":"https:\/\/cepenha.com.br\/index.php\/wp-json\/wp\/v2\/pages"}],"about":[{"href":"https:\/\/cepenha.com.br\/index.php\/wp-json\/wp\/v2\/types\/page"}],"author":[{"embeddable":true,"href":"https:\/\/cepenha.com.br\/index.php\/wp-json\/wp\/v2\/users\/1"}],"replies":[{"embeddable":true,"href":"https:\/\/cepenha.com.br\/index.php\/wp-json\/wp\/v2\/comments?post=795"}],"version-history":[{"count":5,"href":"https:\/\/cepenha.com.br\/index.php\/wp-json\/wp\/v2\/pages\/795\/revisions"}],"predecessor-version":[{"id":5635,"href":"https:\/\/cepenha.com.br\/index.php\/wp-json\/wp\/v2\/pages\/795\/revisions\/5635"}],"wp:attachment":[{"href":"https:\/\/cepenha.com.br\/index.php\/wp-json\/wp\/v2\/media?parent=795"}],"curies":[{"name":"wp","href":"https:\/\/api.w.org\/{rel}","templated":true}]}}