{"id":79,"date":"2015-06-09T14:03:16","date_gmt":"2015-06-09T14:03:16","guid":{"rendered":"http:\/\/cepenha.net.br\/?page_id=79"},"modified":"2022-12-16T14:51:06","modified_gmt":"2022-12-16T14:51:06","slug":"cep-tv-media-indoor","status":"publish","type":"page","link":"https:\/\/cepenha.com.br\/index.php\/cep-tv-media-indoor\/","title":{"rendered":"Cep Tv &#8211; Media Indoor"},"content":{"rendered":"<div class=\"three_fourth tt-column\"><\/div><p>&nbsp;<\/p>\n<div class=\"one_fourth_last tt-column\"><p><span style=\"font-size: x-large;\">Cep Tv &#8211; Media Indoor<\/span><br \/>\nSeis aparelhos LCD de 42&#8243; e 40&#8243; localizados em pontos estrat\u00e9gicos do Clube, com programa\u00e7\u00e3o variada do interesse dos associados. Sistema sem \u00e1udio, filmes com dura\u00e7\u00e3o aproximada de 13min em alta resolu\u00e7\u00e3o, Full HD 1920px x 1080px. Veiculamos an\u00fancios de patrocinadores em diversas modalidades. Para veicular fale com o Departamento de Marketing, Tel.: (11) 2082-7248.<\/p>\n<\/div><br class=\"clear\" \/>","protected":false},"excerpt":{"rendered":"<p>&nbsp;<\/p>\n","protected":false},"author":1,"featured_media":0,"parent":0,"menu_order":0,"comment_status":"open","ping_status":"open","template":"template-full-width.php","meta":{"footnotes":""},"class_list":["post-79","page","type-page","status-publish","hentry"],"_links":{"self":[{"href":"https:\/\/cepenha.com.br\/index.php\/wp-json\/wp\/v2\/pages\/79","targetHints":{"allow":["GET"]}}],"collection":[{"href":"https:\/\/cepenha.com.br\/index.php\/wp-json\/wp\/v2\/pages"}],"about":[{"href":"https:\/\/cepenha.com.br\/index.php\/wp-json\/wp\/v2\/types\/page"}],"author":[{"embeddable":true,"href":"https:\/\/cepenha.com.br\/index.php\/wp-json\/wp\/v2\/users\/1"}],"replies":[{"embeddable":true,"href":"https:\/\/cepenha.com.br\/index.php\/wp-json\/wp\/v2\/comments?post=79"}],"version-history":[{"count":8,"href":"https:\/\/cepenha.com.br\/index.php\/wp-json\/wp\/v2\/pages\/79\/revisions"}],"predecessor-version":[{"id":5035,"href":"https:\/\/cepenha.com.br\/index.php\/wp-json\/wp\/v2\/pages\/79\/revisions\/5035"}],"wp:attachment":[{"href":"https:\/\/cepenha.com.br\/index.php\/wp-json\/wp\/v2\/media?parent=79"}],"curies":[{"name":"wp","href":"https:\/\/api.w.org\/{rel}","templated":true}]}}