{"id":67,"date":"2015-06-09T14:00:09","date_gmt":"2015-06-09T14:00:09","guid":{"rendered":"http:\/\/cepenha.net.br\/?page_id=67"},"modified":"2024-11-06T13:12:29","modified_gmt":"2024-11-06T13:12:29","slug":"beauty-center","status":"publish","type":"page","link":"https:\/\/cepenha.com.br\/index.php\/beauty-center\/","title":{"rendered":"Mg Marinho Haute Coiffeur"},"content":{"rendered":"<div class=\"three_fourth tt-column\"><\/div><div class=\"one_fourth_last tt-column\"><p><span style=\"font-size: x-large;\">Mg Marinho Haute Coiffeur<\/span><br \/>\nLocalizado no Boulevard, \u00e9 um espa\u00e7o onde voc\u00ea poder\u00e1 fazer cortes de cabelo masculino e feminino, al\u00e9m de procedimentos de est\u00e9tica facial e corporal, manicure, pedicure, e muitos outros servi\u00e7os. Em frente ao Parque Aqu\u00e1tico, venha conhecer!<\/p>\n<\/div><br class=\"clear\" \/>","protected":false},"excerpt":{"rendered":"","protected":false},"author":1,"featured_media":0,"parent":0,"menu_order":0,"comment_status":"open","ping_status":"open","template":"template-full-width.php","meta":{"footnotes":""},"class_list":["post-67","page","type-page","status-publish","hentry"],"_links":{"self":[{"href":"https:\/\/cepenha.com.br\/index.php\/wp-json\/wp\/v2\/pages\/67","targetHints":{"allow":["GET"]}}],"collection":[{"href":"https:\/\/cepenha.com.br\/index.php\/wp-json\/wp\/v2\/pages"}],"about":[{"href":"https:\/\/cepenha.com.br\/index.php\/wp-json\/wp\/v2\/types\/page"}],"author":[{"embeddable":true,"href":"https:\/\/cepenha.com.br\/index.php\/wp-json\/wp\/v2\/users\/1"}],"replies":[{"embeddable":true,"href":"https:\/\/cepenha.com.br\/index.php\/wp-json\/wp\/v2\/comments?post=67"}],"version-history":[{"count":4,"href":"https:\/\/cepenha.com.br\/index.php\/wp-json\/wp\/v2\/pages\/67\/revisions"}],"predecessor-version":[{"id":6283,"href":"https:\/\/cepenha.com.br\/index.php\/wp-json\/wp\/v2\/pages\/67\/revisions\/6283"}],"wp:attachment":[{"href":"https:\/\/cepenha.com.br\/index.php\/wp-json\/wp\/v2\/media?parent=67"}],"curies":[{"name":"wp","href":"https:\/\/api.w.org\/{rel}","templated":true}]}}