{"id":6,"date":"2015-06-08T17:32:37","date_gmt":"2015-06-08T17:32:37","guid":{"rendered":"http:\/\/cepenha.net.br\/?page_id=6"},"modified":"2026-03-09T17:09:06","modified_gmt":"2026-03-09T17:09:06","slug":"home","status":"publish","type":"page","link":"https:\/\/cepenha.com.br\/","title":{"rendered":"Home"},"content":{"rendered":"<figure class=\"wp-block-image size-full is-resized\"><a href=\"https:\/\/publicado.ymkt.com.br\/cep95anos\/index.html\" target=\"_blank\" rel=\"noopener\"><img decoding=\"async\" src=\"http:\/\/cepenha.com.br\/wp-content\/uploads\/2025\/10\/banner_site_95anos.png\" alt=\"\" class=\"wp-image-6533\" style=\"width:840px;height:auto\"\/><\/a><\/figure>\n<div class=\"wp-block-image\">\n<figure class=\"aligncenter\"><a href=\"http:\/\/cepenha.com.br\/index.php\/visita-guiada\/\" target=\"_blank\" rel=\"noopener\"><img loading=\"lazy\" decoding=\"async\" width=\"803\" height=\"138\" src=\"http:\/\/cepenha.com.br\/wp-content\/uploads\/2024\/11\/agende-visita.png\" alt=\"\" class=\"wp-image-6284\" srcset=\"https:\/\/cepenha.com.br\/wp-content\/uploads\/2024\/11\/agende-visita.png 803w, https:\/\/cepenha.com.br\/wp-content\/uploads\/2024\/11\/agende-visita-300x52.png 300w, https:\/\/cepenha.com.br\/wp-content\/uploads\/2024\/11\/agende-visita-768x132.png 768w\" sizes=\"auto, (max-width: 803px) 100vw, 803px\" \/><\/a><\/figure>\n<\/div>\n<div class=\"wp-block-image\">\n<figure class=\"aligncenter\"><img decoding=\"async\" src=\"http:\/\/cepenha.com.br\/imagens\/ultimas_vinheta.png\" alt=\"\"\/><\/figure>\n<\/div>\n<p class=\"has-text-align-center\">\n<div class=\"three_fourth tt-column\"><\/div><div class=\"one_fourth_last tt-column\"><\/p>\n<p><span style=\"font-size: x-large;\" data-sider-select-id=\"2a975f52-103c-4634-9e3d-8213d5f6ee4a\">Brunch Especial do M\u00eas da Mulher no CEP<\/span><\/p>\n<p>O Departamento Feminino promoveu uma manh\u00e3 muito especial em comemora\u00e7\u00e3o ao M\u00eas da Mulher, reunindo associadas em um encontro marcado por alegria, integra\u00e7\u00e3o e muita energia positiva.<br \/>\nFoi um momento preparado com muito carinho para valorizar e homenagear as mulheres que fazem parte da hist\u00f3ria do clube.<\/p>\n<\/div><br class=\"clear\" \/><div class=\"wp-block-image\">\n<figure class=\"aligncenter\"><img decoding=\"async\" src=\"http:\/\/cepenha.com.br\/imagens\/proximos_eventos.png\" alt=\"\"\/><\/figure>\n<\/div>\n<div class=\"one_fourth tt-column\"><p>\n<a href=\"https:\/\/publicado.ymkt.com.br\/cep95anos\/index.html\" target=\"_blank\" rel=\"noopener\"><img loading=\"lazy\" decoding=\"async\" class=\"alignnone wp-image-6403 size-medium\" src=\"http:\/\/cepenha.com.br\/wp-content\/uploads\/2025\/10\/capa_95anos_CEP.png\" alt=\"\" width=\"212\" height=\"300\" \/><\/a><br \/>\n<span style=\"font-size: x-large;\">M\u00eddias Sociais<\/span><br \/>\n<a href=\"https:\/\/flow.page\/cepenha\"><img loading=\"lazy\" decoding=\"async\" class=\"alignleft size-full wp-image-4024\" src=\"http:\/\/cepenha.com.br\/wp-content\/uploads\/2020\/12\/midias_4.png\" alt=\"midias_4\" width=\"146\" height=\"35\" \/><\/a><\/p>\n<p><a href=\"http:\/\/cepenha.com.br\/index.php\/podcast\/\"><img loading=\"lazy\" decoding=\"async\" class=\"alignleft size-full wp-image-3841\" src=\"http:\/\/cepenha.com.br\/wp-content\/uploads\/2020\/09\/podcast2.png\" alt=\"podcast2\" width=\"146\" height=\"35\" \/><\/a><\/p>\n<\/div><div class=\"three_fourth_last tt-column\"><\/div><br class=\"clear\" \/><div class=\"wp-block-image\">\n<figure class=\"aligncenter\"><img decoding=\"async\" src=\"http:\/\/cepenha.com.br\/imagens\/departamentos.png\" alt=\"\"\/><\/figure>\n<\/div>\n<div class=\"one_fourth tt-column\"><p>\n<a href=\"https:\/\/www.instagram.com\/tenisdocep\/\"><br \/>\n<\/a><a href=\"https:\/\/www.instagram.com\/tenisdocep\/\" target=\"_blank\" rel=\"noopener\"><img loading=\"lazy\" decoding=\"async\" class=\"aligncenter\" src=\"http:\/\/cepenha.com.br\/imagens\/tenis_home2.jpg\" alt=\"\" width=\"204\" height=\"125\" \/><\/a><\/p>\n<\/div><div class=\"one_fourth tt-column\"><p><\/p>\n<\/div><div class=\"one_fourth tt-column\"><p><\/p>\n<\/div><div class=\"one_fourth_last tt-column\"><p>\n<a href=\"http:\/\/cepenha.com.br\/index.php\/ouvidoria\/\"><br \/>\n<img decoding=\"async\" class=\" aligncenter\" src=\"http:\/\/cepenha.com.br\/imagens\/ouvidoria_ico.jpg\" alt=\"\" \/><\/p>\n<\/div><br class=\"clear\" \/><\/p>\n<div class=\"one_half tt-column\"><p>\n<a href=\"https:\/\/www.flickr.com\/photos\/cepenha\/albums\/\"><br \/>\n<img loading=\"lazy\" decoding=\"async\" class=\"aligncenter size-full wp-image-4164\" src=\"http:\/\/cepenha.com.br\/wp-content\/uploads\/2021\/06\/ate_maio.jpg\" alt=\"ate_maio\" width=\"525\" height=\"101\" srcset=\"https:\/\/cepenha.com.br\/wp-content\/uploads\/2021\/06\/ate_maio.jpg 525w, https:\/\/cepenha.com.br\/wp-content\/uploads\/2021\/06\/ate_maio-300x58.jpg 300w\" sizes=\"auto, (max-width: 525px) 100vw, 525px\" \/><\/a><\/p>\n<\/div><div class=\"one_half_last tt-column\"><p>\n<a href=\"https:\/\/www.flickr.com\/photos\/193080148@N04\/albums\/with\/72157719308946290\"><br \/>\n<img loading=\"lazy\" decoding=\"async\" class=\"aligncenter size-full wp-image-4170\" src=\"http:\/\/cepenha.com.br\/wp-content\/uploads\/2021\/06\/a_partir_maio2.jpg\" alt=\"a_partir_maio2\" width=\"525\" height=\"101\" srcset=\"https:\/\/cepenha.com.br\/wp-content\/uploads\/2021\/06\/a_partir_maio2.jpg 525w, https:\/\/cepenha.com.br\/wp-content\/uploads\/2021\/06\/a_partir_maio2-300x58.jpg 300w\" sizes=\"auto, (max-width: 525px) 100vw, 525px\" \/><\/p>\n<\/div><br class=\"clear\" \/><\/p>\n","protected":false},"excerpt":{"rendered":"","protected":false},"author":1,"featured_media":0,"parent":0,"menu_order":0,"comment_status":"open","ping_status":"open","template":"template-full-width.php","meta":{"footnotes":""},"class_list":["post-6","page","type-page","status-publish","hentry"],"_links":{"self":[{"href":"https:\/\/cepenha.com.br\/index.php\/wp-json\/wp\/v2\/pages\/6","targetHints":{"allow":["GET"]}}],"collection":[{"href":"https:\/\/cepenha.com.br\/index.php\/wp-json\/wp\/v2\/pages"}],"about":[{"href":"https:\/\/cepenha.com.br\/index.php\/wp-json\/wp\/v2\/types\/page"}],"author":[{"embeddable":true,"href":"https:\/\/cepenha.com.br\/index.php\/wp-json\/wp\/v2\/users\/1"}],"replies":[{"embeddable":true,"href":"https:\/\/cepenha.com.br\/index.php\/wp-json\/wp\/v2\/comments?post=6"}],"version-history":[{"count":45,"href":"https:\/\/cepenha.com.br\/index.php\/wp-json\/wp\/v2\/pages\/6\/revisions"}],"predecessor-version":[{"id":6939,"href":"https:\/\/cepenha.com.br\/index.php\/wp-json\/wp\/v2\/pages\/6\/revisions\/6939"}],"wp:attachment":[{"href":"https:\/\/cepenha.com.br\/index.php\/wp-json\/wp\/v2\/media?parent=6"}],"curies":[{"name":"wp","href":"https:\/\/api.w.org\/{rel}","templated":true}]}}