{"id":2356,"date":"2018-01-11T11:59:07","date_gmt":"2018-01-11T11:59:07","guid":{"rendered":"http:\/\/cepenha.com.br\/?page_id=2356"},"modified":"2022-12-16T12:42:33","modified_gmt":"2022-12-16T12:42:33","slug":"historia-ilustrada","status":"publish","type":"page","link":"https:\/\/cepenha.com.br\/index.php\/historia-ilustrada\/","title":{"rendered":"Hist\u00f3ria Ilustrada"},"content":{"rendered":"<p>&nbsp;<\/p>\n<p style=\"font-size: 15px; text-align: center;\">Em 1930 um grupo de idealistas, liderados por Pl\u00ednio Augusto de Camargo, fundava, \u00e0s margens do Rio Tiet\u00ea, o <strong>Clube Esportivo da Penha<\/strong>&#8230;O nosso Clube! O rio, de \u00e1guas l\u00edmpidas e c\u00e9leres, que ent\u00e3o tinha seu leito onde hoje se encontra o nosso Gin\u00e1sio Poliesportivo, proporcionava aos primeiros associados dois esportes: <strong>Nata\u00e7\u00e3o e Remo.<\/strong><\/p>\n<p style=\"font-size: 15px; text-align: center;\">Em piscinas flutuantes os penhenses aprendiam as primeiras bra\u00e7adas, e, num r\u00fastico trampolim, os primeiros mergulhos. Numa pequena constru\u00e7\u00e3o, que servia de vesti\u00e1rio e sede, eram realizados aos domingos \u00e0 tarde, bailes denominados &#8220;domingueiras&#8221; dando in\u00edcio \u00e0 vida social de seus associados.<\/p>\n<p style=\"font-size: 15px; text-align: center;\">O Clube vinha crescendo, n\u00e3o s\u00f3 em n\u00famero de associados como tamb\u00e9m na diversifica\u00e7\u00e3o dos esportes. Participava dos torneios promovidos pelas Federa\u00e7\u00f5es Esportivas tendo se sobressa\u00eddo no atletismo, nata\u00e7\u00e3o, remo, basquete e boxe, revelando, inclusive, alguns recordistas paulistas de nata\u00e7\u00e3o.<\/p>\n<p style=\"font-size: 15px; text-align: center;\">Sua primeira atividade no atletismo foi a &#8220;Volta da Penha&#8221;, criada em 1931. Anos depois, com a retifica\u00e7\u00e3o do Rio Tiet\u00ea e a consequente perda do Rio, o Clube sofreu sens\u00edvel evas\u00e3o de s\u00f3cios que s\u00f3 foi superada com a constru\u00e7\u00e3o de uma Piscina Ol\u00edmpica. A piscina, na \u00e9poca um sonho quase inating\u00edvel, que s\u00f3 foi poss\u00edvel gra\u00e7as aos esfor\u00e7os desmedidos de abnegados diretores, foi inaugurada em clima de verdadeira euforia, pelo afluxo de novos e in\u00fameros associados.<br \/>\nE assim vimos, em constante progresso, at\u00e9 nossos dias.<\/p>\n","protected":false},"excerpt":{"rendered":"<p>&nbsp;<br \/>\nEm 1930 um grupo de idealistas, liderados por Pl\u00ednio Augusto de Camargo, fundava, \u00e0s margens do Rio Tiet\u00ea, o Clube Esportivo da Penha&#8230;O nosso Clube! O rio, de \u00e1guas l\u00edmpidas e c\u00e9leres, que ent\u00e3o tinha seu leito onde hoje se encontra o nosso Gin\u00e1sio Poliesportivo, proporcionava aos primeiros associados dois esportes: Nata\u00e7\u00e3o e Remo.<br \/>\nEm piscinas flutuantes os penhenses aprendiam as primeiras bra\u00e7adas, e, num r\u00fastico trampolim, os primeiros mergulhos. Numa pequena constru\u00e7\u00e3o, que servia de vesti\u00e1rio e sede, &#8230;<\/p>\n","protected":false},"author":1,"featured_media":0,"parent":0,"menu_order":0,"comment_status":"open","ping_status":"open","template":"template-full-width.php","meta":{"footnotes":""},"class_list":["post-2356","page","type-page","status-publish","hentry"],"_links":{"self":[{"href":"https:\/\/cepenha.com.br\/index.php\/wp-json\/wp\/v2\/pages\/2356","targetHints":{"allow":["GET"]}}],"collection":[{"href":"https:\/\/cepenha.com.br\/index.php\/wp-json\/wp\/v2\/pages"}],"about":[{"href":"https:\/\/cepenha.com.br\/index.php\/wp-json\/wp\/v2\/types\/page"}],"author":[{"embeddable":true,"href":"https:\/\/cepenha.com.br\/index.php\/wp-json\/wp\/v2\/users\/1"}],"replies":[{"embeddable":true,"href":"https:\/\/cepenha.com.br\/index.php\/wp-json\/wp\/v2\/comments?post=2356"}],"version-history":[{"count":33,"href":"https:\/\/cepenha.com.br\/index.php\/wp-json\/wp\/v2\/pages\/2356\/revisions"}],"predecessor-version":[{"id":4942,"href":"https:\/\/cepenha.com.br\/index.php\/wp-json\/wp\/v2\/pages\/2356\/revisions\/4942"}],"wp:attachment":[{"href":"https:\/\/cepenha.com.br\/index.php\/wp-json\/wp\/v2\/media?parent=2356"}],"curies":[{"name":"wp","href":"https:\/\/api.w.org\/{rel}","templated":true}]}}