{"id":2098,"date":"2017-04-20T19:00:46","date_gmt":"2017-04-20T19:00:46","guid":{"rendered":"http:\/\/cepenha.com.br\/?page_id=2098"},"modified":"2020-12-01T18:45:22","modified_gmt":"2020-12-01T18:45:22","slug":"campeonato-de-pesca","status":"publish","type":"page","link":"https:\/\/cepenha.com.br\/index.php\/campeonato-de-pesca\/","title":{"rendered":"Campeonato de Pesca"},"content":{"rendered":"<p><a href=\"http:\/\/cepenha.com.br\/wp-content\/uploads\/2017\/04\/pesca_site-1.jpg\"><img loading=\"lazy\" decoding=\"async\" src=\"http:\/\/cepenha.com.br\/wp-content\/uploads\/2017\/04\/pesca_site-1-300x169.jpg\" alt=\"pesca_site\" width=\"800\" height=\"450\" class=\"alignnone size-medium wp-image-2118\" srcset=\"https:\/\/cepenha.com.br\/wp-content\/uploads\/2017\/04\/pesca_site-1-300x169.jpg 300w, https:\/\/cepenha.com.br\/wp-content\/uploads\/2017\/04\/pesca_site-1-768x432.jpg 768w, https:\/\/cepenha.com.br\/wp-content\/uploads\/2017\/04\/pesca_site-1.jpg 800w\" sizes=\"auto, (max-width: 800px) 100vw, 800px\" \/><\/a><\/p>\n<h2><span style=\"color: #ffffff;\">Molde e regras:<\/span><\/h2>\n<p>&#8211; Hor\u00e1rio de Pesca das 09:00 as 13:00 (Chegada dos participantes 08:00 &#8211; para organiza\u00e7\u00e3o e instru\u00e7\u00e3o);<br \/>\n&#8211; O maior pontuador ser\u00e1 o campe\u00e3o, segundo e terceiro consecutivamente;<br \/>\n&#8211; Cada PEIXE acima de 20 cm vale 1 ponto;<br \/>\n&#8211; Limite 2 varas por pescador;<br \/>\n&#8211; 1 Anzol por vara, este sem farpa;<br \/>\n&#8211; Os locais ser\u00e3o definidos por sorteio, o pescador sorteado escolhe seu local;<br \/>\n&#8211; N\u00e3o pode haver mudan\u00e7a de local de pesca;<br \/>\n&#8211; Proibido cevar;<br \/>\n&#8211; Permitida qualquer isca;<br \/>\n&#8211; S\u00f3 valer\u00e1 o peixe analisado pelo fiscal;<br \/>\n&#8211; A cada peixe, o pr\u00f3prio pescador dever\u00e1 informar ao Fiscal seu nome para marca\u00e7\u00e3o;<br \/>\n&#8211; Pescador que chegar atrasado n\u00e3o ter\u00e1 tempo extra;<br \/>\n&#8211; Valido varas de molinete, carretilha, lisa ou linhada;<br \/>\n&#8211; Proibido cruzar os espa\u00e7os no arremesso, obrigat\u00f3rio arremesso em linha reta;<br \/>\nO pescador ser\u00e1 advertido em caso de n\u00e3o cumprimento de alguma das regras, e caso reincid\u00eancia ser\u00e1 desclassificado.<br \/>\nTeremos ao menos 4 pessoas para fiscalizar e contabilizar os peixes.<\/p>\n<h2><span style=\"color: #ffffff;\"><strong>Importante:<\/strong><\/span><\/h2>\n<p>N\u00e3o haver\u00e1 separa\u00e7\u00e3o entre masculino, feminino ou idades.<br \/>\nA pesca \u00e9 um esporte ecl\u00e9tico e que n\u00e3o distingue idades e sexo, todo pescador tem a mesma chance.<\/p>\n<p>Pr\u00eamios do Primeiro \u00e0 quinto colocado.<br \/>\n&#8211; 1\u00ba ao 3\u00ba Trof\u00e9u + Kit King;<br \/>\n&#8211; 4\u00ba e 5 \u00ba Kit King;<br \/>\nSorteio de Pr\u00eamios!<\/p>\n","protected":false},"excerpt":{"rendered":"<p>\nMolde e regras:<br \/>\n&#8211; Hor\u00e1rio de Pesca das 09:00 as 13:00 (Chegada dos participantes 08:00 &#8211; para organiza\u00e7\u00e3o e instru\u00e7\u00e3o);<br \/>\n&#8211; O maior pontuador ser\u00e1 o campe\u00e3o, segundo e terceiro consecutivamente;<br \/>\n&#8211; Cada PEIXE acima de 20 cm vale 1 ponto;<br \/>\n&#8211; Limite 2 varas por pescador;<br \/>\n&#8211; 1 Anzol por vara, este sem farpa;<br \/>\n&#8211; Os locais ser\u00e3o definidos por sorteio, o pescador sorteado escolhe seu local;<br \/>\n&#8211; N\u00e3o pode haver mudan\u00e7a de local de pesca;<br \/>\n&#8211; Proibido &#8230;<\/p>\n","protected":false},"author":1,"featured_media":0,"parent":0,"menu_order":0,"comment_status":"open","ping_status":"open","template":"template-full-width.php","meta":{"footnotes":""},"class_list":["post-2098","page","type-page","status-publish","hentry"],"_links":{"self":[{"href":"https:\/\/cepenha.com.br\/index.php\/wp-json\/wp\/v2\/pages\/2098","targetHints":{"allow":["GET"]}}],"collection":[{"href":"https:\/\/cepenha.com.br\/index.php\/wp-json\/wp\/v2\/pages"}],"about":[{"href":"https:\/\/cepenha.com.br\/index.php\/wp-json\/wp\/v2\/types\/page"}],"author":[{"embeddable":true,"href":"https:\/\/cepenha.com.br\/index.php\/wp-json\/wp\/v2\/users\/1"}],"replies":[{"embeddable":true,"href":"https:\/\/cepenha.com.br\/index.php\/wp-json\/wp\/v2\/comments?post=2098"}],"version-history":[{"count":18,"href":"https:\/\/cepenha.com.br\/index.php\/wp-json\/wp\/v2\/pages\/2098\/revisions"}],"predecessor-version":[{"id":4003,"href":"https:\/\/cepenha.com.br\/index.php\/wp-json\/wp\/v2\/pages\/2098\/revisions\/4003"}],"wp:attachment":[{"href":"https:\/\/cepenha.com.br\/index.php\/wp-json\/wp\/v2\/media?parent=2098"}],"curies":[{"name":"wp","href":"https:\/\/api.w.org\/{rel}","templated":true}]}}