{"id":1862,"date":"2016-08-31T19:41:52","date_gmt":"2016-08-31T19:41:52","guid":{"rendered":"http:\/\/cepenha.com.br\/?page_id=1862"},"modified":"2026-02-11T21:02:22","modified_gmt":"2026-02-11T21:02:22","slug":"academia-3","status":"publish","type":"page","link":"https:\/\/cepenha.com.br\/index.php\/academia-3\/","title":{"rendered":"Academia"},"content":{"rendered":"<div class=\"three_fourth tt-column\"><\/div><div class=\"one_fourth_last tt-column\"><p><span style=\"font-size: x-large;\">Academia<\/span><br \/>\nA moderna academia do CEP esta instalada em um espa\u00e7o desenvolvido especialmente para a atividade. Possu\u00ed diversos espa\u00e7os e equipamentos modernos.<\/p>\n<\/div><br class=\"clear\" \/><p><a href=\"http:\/\/cepenha.com.br\/wp-content\/uploads\/2026\/02\/grade_academia-scaled.png\"><img loading=\"lazy\" decoding=\"async\" class=\"alignnone wp-image-6902 size-large\" src=\"http:\/\/cepenha.com.br\/wp-content\/uploads\/2026\/02\/grade_academia-683x1024.png\" alt=\"\" width=\"683\" height=\"1024\" srcset=\"https:\/\/cepenha.com.br\/wp-content\/uploads\/2026\/02\/grade_academia-683x1024.png 683w, https:\/\/cepenha.com.br\/wp-content\/uploads\/2026\/02\/grade_academia-200x300.png 200w, https:\/\/cepenha.com.br\/wp-content\/uploads\/2026\/02\/grade_academia-768x1152.png 768w, https:\/\/cepenha.com.br\/wp-content\/uploads\/2026\/02\/grade_academia-1024x1536.png 1024w, https:\/\/cepenha.com.br\/wp-content\/uploads\/2026\/02\/grade_academia-1365x2048.png 1365w, https:\/\/cepenha.com.br\/wp-content\/uploads\/2026\/02\/grade_academia-scaled.png 1707w\" sizes=\"auto, (max-width: 683px) 100vw, 683px\" \/><\/a><\/p>\n","protected":false},"excerpt":{"rendered":"<p><\/p>\n","protected":false},"author":1,"featured_media":0,"parent":0,"menu_order":0,"comment_status":"open","ping_status":"open","template":"template-full-width.php","meta":{"footnotes":""},"class_list":["post-1862","page","type-page","status-publish","hentry"],"_links":{"self":[{"href":"https:\/\/cepenha.com.br\/index.php\/wp-json\/wp\/v2\/pages\/1862","targetHints":{"allow":["GET"]}}],"collection":[{"href":"https:\/\/cepenha.com.br\/index.php\/wp-json\/wp\/v2\/pages"}],"about":[{"href":"https:\/\/cepenha.com.br\/index.php\/wp-json\/wp\/v2\/types\/page"}],"author":[{"embeddable":true,"href":"https:\/\/cepenha.com.br\/index.php\/wp-json\/wp\/v2\/users\/1"}],"replies":[{"embeddable":true,"href":"https:\/\/cepenha.com.br\/index.php\/wp-json\/wp\/v2\/comments?post=1862"}],"version-history":[{"count":8,"href":"https:\/\/cepenha.com.br\/index.php\/wp-json\/wp\/v2\/pages\/1862\/revisions"}],"predecessor-version":[{"id":6903,"href":"https:\/\/cepenha.com.br\/index.php\/wp-json\/wp\/v2\/pages\/1862\/revisions\/6903"}],"wp:attachment":[{"href":"https:\/\/cepenha.com.br\/index.php\/wp-json\/wp\/v2\/media?parent=1862"}],"curies":[{"name":"wp","href":"https:\/\/api.w.org\/{rel}","templated":true}]}}