{"id":100,"date":"2015-06-09T14:15:11","date_gmt":"2015-06-09T14:15:11","guid":{"rendered":"http:\/\/cepenha.net.br\/?page_id=100"},"modified":"2022-12-16T14:21:30","modified_gmt":"2022-12-16T14:21:30","slug":"portaria-para-pedestres","status":"publish","type":"page","link":"https:\/\/cepenha.com.br\/index.php\/portaria-para-pedestres\/","title":{"rendered":"Portaria para Pedestres"},"content":{"rendered":"<div class=\"three_fourth tt-column\"><\/div><p>&nbsp;<\/p>\n<div class=\"one_fourth_last tt-column\"><p><span style=\"font-size: x-large\">Portaria para Pedestres<\/span><br \/>\nA Portaria de Pedestres est\u00e1 no mesmo local praticamente desde a funda\u00e7\u00e3o do Clube.<br \/>\nEst\u00e1 localizada na Rua Capit\u00e3o Jo\u00e3o Ces\u00e1rio, 354 \u2013 Penha. Est\u00e1 equipada com o sistema de controle do Clube e libera o acesso dos associados mediante leitura computadorizada da Carteira Social.<\/p>\n<\/div><br class=\"clear\" \/>","protected":false},"excerpt":{"rendered":"<p>&nbsp;<\/p>\n","protected":false},"author":1,"featured_media":0,"parent":0,"menu_order":0,"comment_status":"open","ping_status":"open","template":"template-full-width.php","meta":{"footnotes":""},"class_list":["post-100","page","type-page","status-publish","hentry"],"_links":{"self":[{"href":"https:\/\/cepenha.com.br\/index.php\/wp-json\/wp\/v2\/pages\/100","targetHints":{"allow":["GET"]}}],"collection":[{"href":"https:\/\/cepenha.com.br\/index.php\/wp-json\/wp\/v2\/pages"}],"about":[{"href":"https:\/\/cepenha.com.br\/index.php\/wp-json\/wp\/v2\/types\/page"}],"author":[{"embeddable":true,"href":"https:\/\/cepenha.com.br\/index.php\/wp-json\/wp\/v2\/users\/1"}],"replies":[{"embeddable":true,"href":"https:\/\/cepenha.com.br\/index.php\/wp-json\/wp\/v2\/comments?post=100"}],"version-history":[{"count":5,"href":"https:\/\/cepenha.com.br\/index.php\/wp-json\/wp\/v2\/pages\/100\/revisions"}],"predecessor-version":[{"id":5017,"href":"https:\/\/cepenha.com.br\/index.php\/wp-json\/wp\/v2\/pages\/100\/revisions\/5017"}],"wp:attachment":[{"href":"https:\/\/cepenha.com.br\/index.php\/wp-json\/wp\/v2\/media?parent=100"}],"curies":[{"name":"wp","href":"https:\/\/api.w.org\/{rel}","templated":true}]}}