{"id":307,"date":"2015-06-10T13:22:04","date_gmt":"2015-06-10T13:22:04","guid":{"rendered":"http:\/\/cepenha.net.br\/?page_id=307"},"modified":"2015-08-07T13:39:04","modified_gmt":"2015-08-07T13:39:04","slug":"historia-do-clube","status":"publish","type":"page","link":"http:\/\/cepenha.com.br\/index.php\/historia-do-clube\/","title":{"rendered":"Hist\u00f3ria do Clube"},"content":{"rendered":"<div class=\"one_half tt-column\"><p><img decoding=\"async\" src=\"\/imagens\/associadas.jpg\" alt=\"\" \/><br \/>\nGrupo de Associadas Atletas em 1940<\/p>\n<\/div><div class=\"one_half_last tt-column\"><p><img decoding=\"async\" src=\"\/imagens\/desfile.jpg\" alt=\"\" \/><br \/>\nDesfile de Atletas antes de Competi\u00e7\u00e3o<\/p>\n<\/div><br class=\"clear\" \/><div class=\"one_half tt-column\"><p><img decoding=\"async\" src=\"\/imagens\/associados.jpg\"><br \/>\nAssociados Fantasiados<\/p>\n<\/div><div class=\"one_half_last tt-column\"><p><img decoding=\"async\" src=\"\/imagens\/lagoa.jpg\"><br \/>\nVista da Lagoa<\/p>\n<\/div><br class=\"clear\" \/><p>&nbsp;<\/p>\n<p>&nbsp;<\/p>\n<p style=\"text-align: justify;\">\n<div class=\"one_half tt-column\"><p>Em 1930 um grupo de idealistas, liderados por Pl\u00ednio Augusto de Camargo fundava, \u00e0s margens do Rio Tiet\u00ea, o Clube Esportivo da Penha, o nosso clube!<br \/>\nO rio, de \u00e1guas limpas e r\u00e1pidas, cujo leito passava onde hoje se encontra o nosso Gin\u00e1sio Principal, proporcionava aos primeiros associados dois esportes: nata\u00e7\u00e3o e remo. Em piscinas flutuantes os penhenses aprendiam os primeiros mergulhos. Em uma pequena constru\u00e7\u00e3o, que servia de vesti\u00e1rio e sede, eram realizados aos domingos \u00e0 tarde, bailes denominados &#8220;domingueiras&#8221;, dando in\u00edcio \u00e0 vida social de seus associados. O Clube vinha crescendo, n\u00e3o s\u00f3 em n\u00famero de associados como tamb\u00e9m na diversifica\u00e7\u00e3o dos esportes. Participava dos torneios promovidos pelas federa\u00e7\u00f5es esportivas, tendo mesmo se sobressa\u00eddo no atletismo, nata\u00e7\u00e3o, <\/p>\n<\/div><\/p>\n<p style=\"text-align: justify;\">\n<div class=\"one_half_last tt-column\"><p>remo, basquete e boxe, revelando inclusive alguns recordistas paulistas de nata\u00e7\u00e3o.  Sua primeira atividade no atletismo foi a &#8220;Volta da Penha&#8221; criada em 1931, a segunda corrida mais antiga do Brasil. Anos depois, com a retifica\u00e7\u00e3o do leito do Rio Tiet\u00ea e a consequente perda do rio, o clube sofreu sens\u00edvel evas\u00e3o de s\u00f3cios que s\u00f3 foi superada com a constru\u00e7\u00e3o de uma piscina ol\u00edmpica. A piscina, um sonho quase imposs\u00edvel \u00e0 \u00e9poca, s\u00f3 foi poss\u00edvel gra\u00e7a aos esfor\u00e7os de abnegados diretores e foi inaugurada em clima de festa. A evolu\u00e7\u00e3o e morderniza\u00e7\u00e3o do clube \u00e9 uma atividade constante e a meta do clube \u00e9 sempre investir os resultados obtidos em benef\u00edcio dos associados.<\/p>\n<\/div><br class=\"clear\" \/><\/p>\n<p>&nbsp;<\/p>\n<div class=\"one_half tt-column\"><p><img decoding=\"async\" src=\"\/imagens\/cocho.jpg\" alt=\"\" \/><br \/>\nPiscina Flutuante, 1940<\/p>\n<\/div><div class=\"one_half_last tt-column\"><p><img decoding=\"async\" src=\"\/imagens\/volta.jpg\" alt=\"\" \/><br \/>\nVolta da Penha, 1940<\/p>\n<\/div><br class=\"clear\" \/>","protected":false},"excerpt":{"rendered":"<p>&nbsp;<br \/>\n&nbsp;<\/p>\n<p>\n&nbsp;<\/p>\n","protected":false},"author":1,"featured_media":0,"parent":0,"menu_order":0,"comment_status":"open","ping_status":"open","template":"template-full-width.php","meta":{"footnotes":""},"class_list":["post-307","page","type-page","status-publish","hentry"],"_links":{"self":[{"href":"http:\/\/cepenha.com.br\/index.php\/wp-json\/wp\/v2\/pages\/307","targetHints":{"allow":["GET"]}}],"collection":[{"href":"http:\/\/cepenha.com.br\/index.php\/wp-json\/wp\/v2\/pages"}],"about":[{"href":"http:\/\/cepenha.com.br\/index.php\/wp-json\/wp\/v2\/types\/page"}],"author":[{"embeddable":true,"href":"http:\/\/cepenha.com.br\/index.php\/wp-json\/wp\/v2\/users\/1"}],"replies":[{"embeddable":true,"href":"http:\/\/cepenha.com.br\/index.php\/wp-json\/wp\/v2\/comments?post=307"}],"version-history":[{"count":30,"href":"http:\/\/cepenha.com.br\/index.php\/wp-json\/wp\/v2\/pages\/307\/revisions"}],"predecessor-version":[{"id":1070,"href":"http:\/\/cepenha.com.br\/index.php\/wp-json\/wp\/v2\/pages\/307\/revisions\/1070"}],"wp:attachment":[{"href":"http:\/\/cepenha.com.br\/index.php\/wp-json\/wp\/v2\/media?parent=307"}],"curies":[{"name":"wp","href":"https:\/\/api.w.org\/{rel}","templated":true}]}}