{"id":243,"date":"2015-06-10T12:57:28","date_gmt":"2015-06-10T12:57:28","guid":{"rendered":"http:\/\/cepenha.net.br\/?page_id=243"},"modified":"2022-12-16T13:05:32","modified_gmt":"2022-12-16T13:05:32","slug":"tamboreu","status":"publish","type":"page","link":"http:\/\/cepenha.com.br\/index.php\/tamboreu\/","title":{"rendered":"Tambor\u00e9u"},"content":{"rendered":"<div class=\"three_fourth tt-column\"><\/div><p>&nbsp;<\/p>\n<div class=\"one_fourth_last tt-column\"><p><span style=\"font-size: x-large;\">Tambor\u00e9u<\/span><br \/>\nEmbora seja um esporte pouco difundido, o Tambor\u00e9u \u00e9 um jogo empolgante . Nosso clube oferece aos associados tr\u00eas magnificas quadras cercadas de \u00e1rea verde.<\/p>\n<\/div><br class=\"clear\" \/>","protected":false},"excerpt":{"rendered":"<p>&nbsp;<\/p>\n","protected":false},"author":1,"featured_media":0,"parent":0,"menu_order":0,"comment_status":"open","ping_status":"open","template":"template-full-width.php","meta":{"footnotes":""},"class_list":["post-243","page","type-page","status-publish","hentry"],"_links":{"self":[{"href":"http:\/\/cepenha.com.br\/index.php\/wp-json\/wp\/v2\/pages\/243","targetHints":{"allow":["GET"]}}],"collection":[{"href":"http:\/\/cepenha.com.br\/index.php\/wp-json\/wp\/v2\/pages"}],"about":[{"href":"http:\/\/cepenha.com.br\/index.php\/wp-json\/wp\/v2\/types\/page"}],"author":[{"embeddable":true,"href":"http:\/\/cepenha.com.br\/index.php\/wp-json\/wp\/v2\/users\/1"}],"replies":[{"embeddable":true,"href":"http:\/\/cepenha.com.br\/index.php\/wp-json\/wp\/v2\/comments?post=243"}],"version-history":[{"count":9,"href":"http:\/\/cepenha.com.br\/index.php\/wp-json\/wp\/v2\/pages\/243\/revisions"}],"predecessor-version":[{"id":4959,"href":"http:\/\/cepenha.com.br\/index.php\/wp-json\/wp\/v2\/pages\/243\/revisions\/4959"}],"wp:attachment":[{"href":"http:\/\/cepenha.com.br\/index.php\/wp-json\/wp\/v2\/media?parent=243"}],"curies":[{"name":"wp","href":"https:\/\/api.w.org\/{rel}","templated":true}]}}